ghest common divisor of 474 and 43474174.
158
What is the greatest common factor of 1032 and 61071051?
129
What is the highest common divisor of 15952349 and 2030?
203
What is the greatest common divisor of 462 and 55485822?
42
Calculate the highest common divisor of 102 and 28090086.
102
What is the highest common divisor of 1227534837 and 1329?
1329
What is the highest common factor of 2113738160 and 11360?
5680
What is the greatest common factor of 570265 and 4018691?
6709
What is the highest common factor of 33444697 and 52?
13
What is the greatest common factor of 255548277 and 9?
9
What is the greatest common divisor of 409936 and 4?
4
Calculate the greatest common divisor of 132 and 197780.
44
What is the greatest common divisor of 58797 and 704313?
1251
Calculate the highest common divisor of 1550259 and 81.
81
What is the greatest common divisor of 436986 and 11209?
11
What is the greatest common factor of 134853 and 76815?
1707
Calculate the greatest common divisor of 2424 and 4829012.
404
Calculate the highest common factor of 64041250 and 2730.
910
What is the highest common factor of 1350 and 2208825?
225
What is the highest common factor of 12210 and 1335180?
330
What is the highest common factor of 847 and 7964209?
11
Calculate the greatest common factor of 405648 and 1536.
48
Calculate the greatest common factor of 29547 and 14676.
3
What is the highest common divisor of 42860 and 57460?
20
What is the highest common factor of 787 and 28158860?
787
What is the greatest common divisor of 447597995 and 325?
65
Calculate the highest common factor of 10771303 and 971.
971
Calculate the greatest common factor of 4613260 and 880.
20
What is the greatest common factor of 124 and 480289138?
62
What is the highest common factor of 7371 and 23205?
273
Calculate the greatest common factor of 49504 and 223408.
16
What is the greatest common divisor of 32 and 27235792?
16
What is the greatest common factor of 30048 and 11167527?
939
Calculate the greatest common factor of 30738 and 182248.
218
What is the greatest common divisor of 24166 and 1955382?
86
What is the highest common factor of 93139622 and 21742?
3106
What is the greatest common divisor of 34 and 312154?
34
Calculate the highest common factor of 394632 and 71050.
406
Calculate the greatest common factor of 60584095 and 2299.
121
Calculate the highest common factor of 826 and 29637706.
826
What is the highest common divisor of 979 and 149924861?
89
Calculate the highest common divisor of 27152259 and 207.
69
What is the highest common factor of 452317 and 176746?
67
Calculate the highest common factor of 19448745 and 1245.
15
What is the greatest common factor of 173103291 and 1827?
261
What is the highest common factor of 13797670 and 740?
370
Calculate the highest common divisor of 987 and 14423031.
987
What is the greatest common divisor of 2625371 and 343?
49
Calculate the highest common factor of 1732832 and 32.
32
Calculate the greatest common divisor of 57908 and 712642.
934
Calculate the greatest common factor of 15512 and 523726.
14
Calculate the highest common divisor of 839388014 and 178.
178
Calculate the highest common factor of 4808484 and 238.
34
What is the highest common factor of 43066 and 365817?
61
What is the greatest common factor of 107567 and 351331?
409
What is the highest common factor of 39432 and 200632?
248
What is the highest common divisor of 442 and 1012894?
34
What is the highest common divisor of 4710 and 826762?
314
What is the greatest common factor of 182251 and 13?
1
What is the highest common divisor of 4189 and 26832959?
71
Calculate the greatest common divisor of 4004861 and 7434.
413
What is the greatest common divisor of 81 and 2217849?
3
What is the greatest common factor of 48 and 1155072?
48
Calculate the highest common divisor of 380945 and 50.
5
Calculate the greatest common divisor of 55896 and 38964.
204
Calculate the greatest common factor of 52250 and 159964750.
2750
What is the greatest common factor of 96981493 and 28?
7
Calculate the greatest common factor of 117852339 and 33.
33
Calculate the highest common factor of 15211940 and 1360.
340
Calculate the greatest common factor of 2704 and 344320.
16
What is the greatest common divisor of 1178 and 326572?
38
Calculate the highest common divisor of 2919 and 8841210.
21
Calculate the highest common divisor of 2699755869 and 93.
93
What is the greatest common divisor of 954602532 and 65?
13
What is the greatest common divisor of 2321274 and 994?
142
What is the highest common divisor of 104989963 and 2162?
1081
Calculate the greatest common divisor of 487061 and 1333.
43
Calculate the highest common divisor of 1251550 and 6850.
50
Calculate the highest common factor of 13964592 and 27966.
354
Calculate the greatest common divisor of 6694828 and 4706.
362
What is the highest common divisor of 13932605 and 169575?
1615
Calculate the highest common divisor of 407740 and 719872.
2812
Calculate the highest common factor of 14 and 1890818.
2
What is the highest common divisor of 8 and 68864256?
8
What is the greatest common divisor of 2394380 and 4940?
380
Calculate the greatest common divisor of 248747022 and 450.
18
What is the greatest common factor of 5549525 and 61399?
4723
Calculate the greatest common divisor of 10203043 and 2074.
1037
Calculate the highest common divisor of 67977 and 9498437.
1079
What is the greatest common divisor of 3887 and 987467?
169
What is the greatest common factor of 726 and 614400?
6
Calculate the greatest common divisor of 2587179 and 10115.
119
What is the greatest common divisor of 593687 and 1072?
67
What is the highest common factor of 1287774 and 8?
2
What is the greatest common divisor of 2422 and 1779999249?
1211
Calculate the highest common factor of 5936 and 133509544.
2968
Calculate the greatest common divisor of 4222812 and 264.
132
What is the greatest common factor of 12127 and 10798323?
67
What is the highest common factor of 15 and 58666845?
15
What is the highest common divisor of 14028043 and 15385?
3077
What is the highest common divisor of 44 and 52346932?
44
Calculate the greatest common divisor of 256 and 831168.
64
Calculate the greatest common factor of 19 and 63714467.
19
Calculate the greatest common factor of 359562 and 8106.
42
What is the highest common factor of 1527 and 24172919?
509
Calculate the highest common divisor of 129796 and 128919.
877
What is the highest common factor of 480 and 15967920?
240
What is the greatest common divisor of 221 and 26112788?
13
What is the greatest common factor of 504 and 904699656?
504
What is the greatest common divisor of 5080170 and 75?
15
Calculate the greatest common factor of 53336 and 24072.
472
Calculate the highest common factor of 45060 and 538701312.
9012
What is the highest common divisor of 135 and 871009335?
135
What is the greatest common divisor of 1325823 and 6215383?
9403
What is the greatest common divisor of 48150 and 53145?
45
What is the highest common divisor of 583680 and 7467?
57
What is the greatest common factor of 252985282 and 3058?
3058
What is the greatest common divisor of 107 and 57288121?
107
What is the greatest common divisor of 8120 and 74592?
56
What is the greatest common divisor of 1656 and 56481261?
69
Calculate the greatest common divisor of 6 and 213688194.
6
What is the greatest common factor of 14 and 287227052?
14
What is the greatest common divisor of 247129 and 8211?
17
What is the highest common divisor of 4044880 and 9765?
1085
What is the greatest common divisor of 4050632 and 128?
8
Calculate the highest common factor of 16384 and 973184.
128
What is the highest common factor of 40439 and 146015?
53
Calculate the highest common factor of 878 and 168785842.
878
What is the highest common factor of 154 and 930748?
14
What is the greatest common factor of 15472 and 27170766?
1934
What is the highest common divisor of 36334 and 501802?
982
Calculate the highest common factor of 296580 and 14820.
60
What is the highest common factor of 1550 and 5993230?
310
Calculate the greatest common factor of 18 and 128631.
3
Calculate the highest common factor of 9909016 and 3.
1
Calculate the highest common factor of 113596876 and 568.
284
Wh